 prime factors of l.
2
Let q = -20 + 28. Suppose -4*h + q = -4. What are the prime factors of h?
3
Let k(b) be the third derivative of 0*b + 1/6*b**3 + 0 - 13/24*b**4 - 3*b**2. What are the prime factors of k(-1)?
2, 7
Suppose 0 = 6*q + 444 - 1338. List the prime factors of q.
149
Let g(b) = -2*b**2 + 6*b + 3. Let p be g(6). List the prime factors of p/(-5) + 30/(-50).
2, 3
Suppose 3*d + 6*a = 3*a + 90, d - 30 = 3*a. Suppose -4*c = c - d. What are the prime factors of c?
2, 3
What are the prime factors of (2 - -4)*(-92)/(-3)?
2, 23
Let s(x) = -x - 4. Let g be s(-9). Suppose 88 - 23 = g*l. List the prime factors of l.
13
Let d(p) = -3*p**2 - 3*p - 7. Let f(g) = -7*g**2 - 6*g - 15. Let i(y) = 13*d(y) - 6*f(y). What are the prime factors of i(3)?
17
Suppose 3*a - 5*f + 5 = 2*a, 10 = 5*f. List the prime factors of a.
5
Let r(m) = -m**3 + 7*m**2 + 7*m - 4. Let o be r(7). List the prime factors of 1/(-5) + 1044/o.
23
Let a(l) = -l**3 - 7*l**2 - 6*l. Let j be a(-6). Suppose 10 = 2*b + 5*z, -b + 5 = -j*b + 5*z. List the prime factors of b.
5
Suppose -3*o + 32 = -0*o + 5*t, 4*t = -4*o + 32. Let d be (o - 1)*2/3. Suppose d*w - h = -6*h + 29, 22 = w + 5*h. What are the prime factors of w?
7
Suppose -2*h - y + 11 = -0*y, -2*y = -4*h + 2. List the prime factors of h.
3
Let b(k) = -k + 1. Let r(h) = -h**3 - 6*h**2 + 4*h - 7. Let s(c) = -6*b(c) - r(c). What are the prime factors of s(-4)?
5
Suppose -w + 2*h = 3*w - 56, 3*w - 44 = 2*h. Suppose -a + w + 9 = 0. What are the prime factors of a?
3, 7
List the prime factors of -5*(-3 - 1/((-15)/(-339))).
2
Let w(d) be the first derivative of 3 + 4*d**2 - 3*d - d**2 + 0*d - 2*d**2. What are the prime factors of w(5)?
7
Suppose 0*c + 5*c - 4*x - 39 = 0, -5*c + 75 = 5*x. What are the prime factors of c?
11
Suppose -1287 = -9*t + 846. List the prime factors of t.
3, 79
Suppose -25 = -4*n + 27. What are the prime factors of n?
13
Suppose 46*m = 48*m - 172. List the prime factors of m.
2, 43
Let j = -266 + 438. What are the prime factors of j?
2, 43
Let j be 2/(-8) - 130/(-8). Let a = -8 + j. What are the prime factors of a?
2
Let q = 753 - 485. What are the prime factors of q?
2, 67
Suppose -6*y + 855 = 243. List the prime factors of y.
2, 3, 17
Suppose 2*a = -4*s + 54, 2*a + 6*s - 53 = 3*s. List the prime factors of a.
5
Let r(m) = 6*m**2 - 7*m + 6. Let d be r(4). What are the prime factors of 18/(-12) + d/4?
17
Suppose 0 = -4*c - 8, -2*c + c = -3*y + 878. What are the prime factors of y?
2, 73
List the prime factors of 103 - 5/(-10)*-2.
2, 3, 17
Let j(i) = -69*i**3 - i**2 + 4*i + 4. What are the prime factors of j(-1)?
2, 17
Suppose -2*x - l + 58 = -32, 3*l = 3*x - 117. List the prime factors of x.
43
Let g(r) = 44*r**3 + r. Let i be g(-1). Let l = -25 - i. List the prime factors of l.
2, 5
Let o be (-90)/(-12) + (-2)/(-4). Suppose -4*h + o + 20 = 0. Let u(y) = -y**2 + 7*y + 3. List the prime factors of u(h).
3
Suppose -7 = -3*t + 4*i, -2*t = -0*t + 3*i + 18. Let f(x) be the first derivative of x**3/3 + x**2/2 - 4*x - 1. List the prime factors of f(t).
2
List the prime factors of (-3 - (-97)/4)*4.
5, 17
Let u(g) = -g**2 + 9*g + 5. Let t = -8 - -14. List the prime factors of u(t).
23
Suppose 4*n = f + 3, -3*f + n + 20 + 4 = 0. Suppose -5*o - y + f = 0, 3*o + 0*y - 7 = y. Let p = 0 + o. List the prime factors of p.
2
Suppose -3*b + 2*b - 3 = 5*c, 3*c - 2*b = 6. What are the prime factors of -1 + (c - 3 - -8)?
2
Suppose 1143 = 23*z - 20*z. What are the prime factors of z?
3, 127
Suppose -5 - 1 = -l. Let k(o) = o**3 - 7*o**2 + 8*o + 6. List the prime factors of k(l).
2, 3
Let r(g) = -24*g + 11. What are the prime factors of r(-4)?
107
List the prime factors of 716/24 - (-5)/30.
2, 3, 5
Let g be 3*(-3)/((-9)/2). Let b(j) = j**3 + 6*j**2 + 5*j + 3. Let v be b(-5). Suppose -f = v*z + 7, -4*f - g = f + 4*z. List the prime factors of f.
2
What are the prime factors of -8 + 46 + (0 - -2)?
2, 5
Let u(w) = -4 + 0*w - 3*w + 5. What are the prime factors of u(-9)?
2, 7
Let u = 12 - 17. Let a = 24 + -12. Let i = u + a. List the prime factors of i.
7
Suppose -c + 2 = -5*g, 4*c = -0*c - 3*g + 8. What are the prime factors of c?
2
Suppose 5*d = -2 - 18. Let l = 18 + d. What are the prime factors of l?
2, 7
List the prime factors of 62/(-1)*2/(-4).
31
Let a(c) = c**3 - 2*c**2 - c + 81. List the prime factors of a(0).
3
Let a be (-4)/26 - 1680/(-104). List the prime factors of 3 + (-3)/((-3)/a).
19
Suppose 234 = v - 16. List the prime factors of v.
2, 5
Suppose -2*a = 2*d - 21 + 3, d = -4*a + 21. Let j(c) = c**3 - 2*c**2 + 3*c - 4. Let t be j(a). Suppose 7*o - t = 3*o. List the prime factors of o.
2, 5
Suppose -2*r - 2*r + 26 = o, 2*r = -5*o + 94. What are the prime factors of o?
2, 3
Let u be (-23)/(3/(-3 + 0)). Suppose -3*q - b + 0*b = -25, -3*q + b = -u. List the prime factors of q.
2
Suppose -2*h = 5*h - 63. Let m = -1 + h. What are the prime factors of m?
2
Let o = -116 + 162. What are the prime factors of o?
2, 23
What are the prime factors of (-5)/(-4) + -1 + (-1612)/(-16)?
101
Let j be 2 - (1 + -2 + 0). What are the prime factors of 1 - -8 - (1 - j)?
11
Suppose k = -2*l + 39, -5*k - 3*l + 183 = l. What are the prime factors of k?
5, 7
Suppose -3*l + 4*q + 7 = 0, 3*l - 5*q + 2 = 4. Let b = l + -5. What are the prime factors of b/(-6)*(-14 - -2)?
2
Let f(d) = d**2 - 5*d + 6. Let h be ((-18)/21)/(3/(-14)). List the prime factors of f(h).
2
Let m be ((-2)/(-6))/((-1)/15). Let p(h) = -2*h + 5. What are the prime factors of p(m)?
3, 5
Suppose 5*a = 15*a - 10. Let x be (-4)/(-6)*-1*-3. What are the prime factors of -4*a/x*-1?
2
Suppose -4*h = -3*h - 5*b - 10, 4 = 2*h - 2*b. Suppose h = g - 2*g. List the prime factors of g - (2 + -11) - 1.
2
Let g(y) = -y**2 + 6*y**3 - 2*y**3 + y**2 + 1. Let a be g(1). Let n = -2 + a. List the prime factors of n.
3
Suppose -5 - 37 = -3*a. Suppose a + 6 = 4*p. Suppose 2*v = 5*t - 16, 3*v = -3*t + p*v + 12. What are the prime factors of t?
2
Let j(v) = -v**3 - 6*v**2 + 4*v + 8. Let l be j(-6). What are the prime factors of (-4)/l - (-30)/8?
2
Suppose -356 + 1 = -3*q + 2*b, 5*q - 600 = 5*b. List the prime factors of q.
5, 23
Let u be 21/3 - (-1 - -4). Suppose u*q + 8 = 20. What are the prime factors of q?
3
Let g = 11 + -15. Let x(y) = 7*y. Let r be x(1). Let l = g + r. What are the prime factors of l?
3
Suppose 6*j = j - 15. Let t(m) = -m**2 + 10*m + 7. Let g(v) = 2*v**2 - 19*v - 13. Let s(f) = j*g(f) - 5*t(f). What are the prime factors of s(5)?
2, 7
Suppose 3*b - g - 8 + 2 = 0, 3*b = 5*g - 6. List the prime factors of b.
3
What are the prime factors of (-6)/(-30) + 278/10?
2, 7
Let y(v) = -2 + v - 2*v + 8. Let t be y(8). What are the prime factors of (t/(-4))/(5/120)?
2, 3
Let i(f) = 23*f**2 - 4*f + 16. List the prime factors of i(3).
211
Let g(l) = -4*l - 3. Let z(w) = -w**3 - 5*w**2 + 8*w. Let s be z(-6). Let m = s - -8. What are the prime factors of g(m)?
13
Let q be ((-30)/12)/(1/(-2)). Suppose -q*z + 54 = -21. List the prime factors of z.
3, 5
Let b(v) = -v**3 + 9*v**2 + 14*v - 8. Let i(t) = t**3 - 5*t**2 - 6*t + 10. Let w be i(6). What are the prime factors of b(w)?
2
Let o(l) = -l. Let y be o(-7). Let s(v) = 10*v - 2*v**2 + v**2 - 5 + 0*v**2. List the prime factors of s(y).
2
Suppose 2*a = 5 + 3. Suppose 3*w + 8 = -0*w - a*k, -2*k = 4*w + 14. List the prime factors of (8/3)/w*-6.
2
Let x = -5 + 14. Suppose 5*d - x - 6 = 0. List the prime factors of d.
3
Suppose -177 = 3*r + 3*l, 3*r - 43 = 5*l - 196. Let x = -37 - r. List the prime factors of x.
19
Let u = 11 - -47. List the prime factors of u.
2, 29
Let l(x) = x**3 + 2*x**2 - 12*x + 11. List the prime factors of l(5).
2, 3, 7
Let i = -33 - -78. List the prime factors of i.
3, 5
Let v be 1/8 + (-141)/(-24). Let z be ((-64)/6)/((-1)/3). What are the prime factors of z/v - (-6)/9?
2, 3
Let p = -1 - -3. Suppose -2*t - 11 = 4*i + t, -i = t + p. Let m = 0 - i. What are the prime factors of m?
5
Suppose q = -3*q + 5*m - 39, 1 = -m. Let i = -5 - 0. Let z = i - q. List the prime factors of z.
2, 3
Let t = -98 + 302. What are the prime factors of t?
2, 3, 17
Let i(f) = 6*f**2. Let s be i(1). What are the prime factors of 34/s - (-3)/9?
2, 3
Suppose s - j - 6 = 0, -j + 15 = s + j. Let g = 7 - 12. Let m = s + g. What are the prime factors of m?
2
Let g